{"id":4161,"date":"2016-12-19T03:32:20","date_gmt":"2016-12-19T03:32:20","guid":{"rendered":"http:\/\/montaguekobbe.com\/?page_id=4161&#038;lang=es"},"modified":"2017-05-21T01:40:08","modified_gmt":"2017-05-21T01:40:08","slug":"portadas","status":"publish","type":"page","link":"https:\/\/montaguekobbe.com\/index.php\/obra\/historias-de-camas-y-aeropuertos\/portadas\/?lang=es","title":{"rendered":"PORTADAS"},"content":{"rendered":"<p>Estas son algunas de las posibles portadas que barajamos durante el per\u00edodo de reflexi\u00f3n previo al lanzamiento del libro. Hesta hoy me encantan una o dos de estas opciones, aunque al fin y al cabo no hayan llegado a ver la luz del d\u00eda:<\/p>\n<p>&nbsp;<\/p>\n<figure id=\"attachment_4162\" aria-describedby=\"caption-attachment-4162\" style=\"width: 500px\" class=\"wp-caption aligncenter\"><img loading=\"lazy\" class=\"wp-image-4162 size-large\" src=\"http:\/\/montaguekobbe.com\/wp-content\/uploads\/2016\/02\/2-GREEN-Tales-of-Bed-Sheets-and-Departures-Wraparound-e1456794383347-1024x760.jpg\" alt=\"\" width=\"500\" height=\"371\" srcset=\"https:\/\/montaguekobbe.com\/wp-content\/uploads\/2016\/02\/2-GREEN-Tales-of-Bed-Sheets-and-Departures-Wraparound-e1456794383347-1024x760.jpg 1024w, https:\/\/montaguekobbe.com\/wp-content\/uploads\/2016\/02\/2-GREEN-Tales-of-Bed-Sheets-and-Departures-Wraparound-e1456794383347-300x223.jpg 300w, https:\/\/montaguekobbe.com\/wp-content\/uploads\/2016\/02\/2-GREEN-Tales-of-Bed-Sheets-and-Departures-Wraparound-e1456794383347-600x445.jpg 600w, https:\/\/montaguekobbe.com\/wp-content\/uploads\/2016\/02\/2-GREEN-Tales-of-Bed-Sheets-and-Departures-Wraparound-e1456794383347-1200x891.jpg 1200w, https:\/\/montaguekobbe.com\/wp-content\/uploads\/2016\/02\/2-GREEN-Tales-of-Bed-Sheets-and-Departures-Wraparound-e1456794383347.jpg 1584w\" sizes=\"(max-width: 500px) 100vw, 500px\" \/><figcaption id=\"caption-attachment-4162\" class=\"wp-caption-text\">Una de las primeras propuestas, con fotograf\u00edas de los artistas trinitarios Luis V\u00e1squez y Arnaldo James<\/figcaption><\/figure>\n<figure id=\"attachment_120\" aria-describedby=\"caption-attachment-120\" style=\"width: 500px\" class=\"wp-caption aligncenter\"><img loading=\"lazy\" class=\"wp-image-120 size-post-thumbnail\" src=\"http:\/\/montaguekobbe.com\/wp-content\/uploads\/2015\/06\/Tales-of-Bed-Sheets-and-Departure-Lounges-Front-Cover-600x904.jpg\" alt=\"Tales of Bed Sheets and Departure Lounges Front Cover\" width=\"500\" height=\"753\" srcset=\"https:\/\/montaguekobbe.com\/wp-content\/uploads\/2015\/06\/Tales-of-Bed-Sheets-and-Departure-Lounges-Front-Cover-600x904.jpg 600w, https:\/\/montaguekobbe.com\/wp-content\/uploads\/2015\/06\/Tales-of-Bed-Sheets-and-Departure-Lounges-Front-Cover-199x300.jpg 199w, https:\/\/montaguekobbe.com\/wp-content\/uploads\/2015\/06\/Tales-of-Bed-Sheets-and-Departure-Lounges-Front-Cover-680x1024.jpg 680w, https:\/\/montaguekobbe.com\/wp-content\/uploads\/2015\/06\/Tales-of-Bed-Sheets-and-Departure-Lounges-Front-Cover-1200x1807.jpg 1200w, https:\/\/montaguekobbe.com\/wp-content\/uploads\/2015\/06\/Tales-of-Bed-Sheets-and-Departure-Lounges-Front-Cover.jpg 1062w\" sizes=\"(max-width: 500px) 100vw, 500px\" \/><figcaption id=\"caption-attachment-120\" class=\"wp-caption-text\">Falt\u00f3 poco para que esta versi\u00f3n fuera la que llegara las librer\u00ed\u00e1s<\/figcaption><\/figure>\n<p>&nbsp;<\/p>\n<figure id=\"attachment_118\" aria-describedby=\"caption-attachment-118\" style=\"width: 500px\" class=\"wp-caption aligncenter\"><img loading=\"lazy\" class=\"wp-image-118 size-post-thumbnail\" src=\"http:\/\/montaguekobbe.com\/wp-content\/uploads\/2015\/06\/Mirrored-NEW-3-Tales-of-Bed-Sheets-and-Departures-Wraparound-web-600x438.jpg\" alt=\"Tales of Bed Sheets and Departures Wraparound_failed attempt_2 - web\" width=\"500\" height=\"365\" srcset=\"https:\/\/montaguekobbe.com\/wp-content\/uploads\/2015\/06\/Mirrored-NEW-3-Tales-of-Bed-Sheets-and-Departures-Wraparound-web-600x438.jpg 600w, https:\/\/montaguekobbe.com\/wp-content\/uploads\/2015\/06\/Mirrored-NEW-3-Tales-of-Bed-Sheets-and-Departures-Wraparound-web-300x219.jpg 300w, https:\/\/montaguekobbe.com\/wp-content\/uploads\/2015\/06\/Mirrored-NEW-3-Tales-of-Bed-Sheets-and-Departures-Wraparound-web.jpg 891w\" sizes=\"(max-width: 500px) 100vw, 500px\" \/><figcaption id=\"caption-attachment-118\" class=\"wp-caption-text\">Este dise\u00f1o no nos convenci\u00f3 del todo<\/figcaption><\/figure>\n<figure id=\"attachment_119\" aria-describedby=\"caption-attachment-119\" style=\"width: 500px\" class=\"wp-caption aligncenter\"><img loading=\"lazy\" class=\"wp-image-119 size-post-thumbnail\" src=\"http:\/\/montaguekobbe.com\/wp-content\/uploads\/2015\/06\/NEW-3-Tales-of-Bed-Sheets-and-Departures-Wraparound-web-600x438.jpg\" alt=\"Tales of Bed Sheets and Departures Wraparound_failed_attempt_3 - web\" width=\"500\" height=\"365\" srcset=\"https:\/\/montaguekobbe.com\/wp-content\/uploads\/2015\/06\/NEW-3-Tales-of-Bed-Sheets-and-Departures-Wraparound-web-600x438.jpg 600w, https:\/\/montaguekobbe.com\/wp-content\/uploads\/2015\/06\/NEW-3-Tales-of-Bed-Sheets-and-Departures-Wraparound-web-300x219.jpg 300w, https:\/\/montaguekobbe.com\/wp-content\/uploads\/2015\/06\/NEW-3-Tales-of-Bed-Sheets-and-Departures-Wraparound-web.jpg 891w\" sizes=\"(max-width: 500px) 100vw, 500px\" \/><figcaption id=\"caption-attachment-119\" class=\"wp-caption-text\">Todo est\u00e1 en el detalle&#8230;<\/figcaption><\/figure>\n<p>&nbsp;<\/p>\n<p>&nbsp;<\/p>\n<p>\u00bfQuieres m\u00e1s? Puedes acceder\u00a0material adicional en el <a href=\"\/?page_id=4157&amp;lang=es\">LADO B<\/a>, o explorar algunos textos en la <a href=\"\/?page_id=4166&amp;lang=es\">PISTA<\/a>.<\/p>\n","protected":false},"excerpt":{"rendered":"<p>Estas son algunas de las posibles portadas que barajamos durante el per\u00edodo de reflexi\u00f3n previo al lanzamiento del libro. Hesta hoy me encantan una o dos de estas opciones, aunque al fin y al cabo no hayan llegado a ver la luz del d\u00eda: &nbsp; &nbsp; &nbsp; &nbsp; \u00bfQuieres m\u00e1s? Puedes acceder\u00a0material adicional en el <a href=\"https:\/\/montaguekobbe.com\/index.php\/obra\/historias-de-camas-y-aeropuertos\/portadas\/?lang=es\" class=\"more-link\">[&hellip;]<\/a><\/p>\n","protected":false},"author":1,"featured_media":3446,"parent":4139,"menu_order":2,"comment_status":"open","ping_status":"closed","template":"","meta":[],"_links":{"self":[{"href":"https:\/\/montaguekobbe.com\/index.php\/wp-json\/wp\/v2\/pages\/4161"}],"collection":[{"href":"https:\/\/montaguekobbe.com\/index.php\/wp-json\/wp\/v2\/pages"}],"about":[{"href":"https:\/\/montaguekobbe.com\/index.php\/wp-json\/wp\/v2\/types\/page"}],"author":[{"embeddable":true,"href":"https:\/\/montaguekobbe.com\/index.php\/wp-json\/wp\/v2\/users\/1"}],"replies":[{"embeddable":true,"href":"https:\/\/montaguekobbe.com\/index.php\/wp-json\/wp\/v2\/comments?post=4161"}],"version-history":[{"count":6,"href":"https:\/\/montaguekobbe.com\/index.php\/wp-json\/wp\/v2\/pages\/4161\/revisions"}],"predecessor-version":[{"id":5124,"href":"https:\/\/montaguekobbe.com\/index.php\/wp-json\/wp\/v2\/pages\/4161\/revisions\/5124"}],"up":[{"embeddable":true,"href":"https:\/\/montaguekobbe.com\/index.php\/wp-json\/wp\/v2\/pages\/4139"}],"wp:featuredmedia":[{"embeddable":true,"href":"https:\/\/montaguekobbe.com\/index.php\/wp-json\/wp\/v2\/media\/3446"}],"wp:attachment":[{"href":"https:\/\/montaguekobbe.com\/index.php\/wp-json\/wp\/v2\/media?parent=4161"}],"curies":[{"name":"wp","href":"https:\/\/api.w.org\/{rel}","templated":true}]}}