{"id":4379,"date":"2016-12-19T03:17:36","date_gmt":"2016-12-19T03:17:36","guid":{"rendered":"http:\/\/montaguekobbe.com\/?page_id=4379&#038;lang=es"},"modified":"2017-06-19T01:08:26","modified_gmt":"2017-06-19T01:08:26","slug":"tema-2","status":"publish","type":"page","link":"https:\/\/montaguekobbe.com\/index.php\/obra\/historias-de-camas-y-aeropuertos\/lado-b\/tema-2\/?lang=es","title":{"rendered":"TEMA 2"},"content":{"rendered":"<h3 style=\"text-align: center;\"><strong><u>El beso<\/u><\/strong><\/h3>\n<p>&nbsp;<\/p>\n<p>En la distancia sus delgadas piernas, desnudas, resaltan sobre\u00a0el trasfondo de las dunas des\u00e9rticas. Hacia el oeste el sol estival pende apenas por encima del horizonte, dibujando largas sombras sobre la superficie impoluta. Desde lo m\u00e1s alto de las dunas, la oscura silueta de su perfil se alarga hasta encontrarse en el borde de la playa con el brillo de la arena, h\u00fameda por el paso de las olas que expiran sobre ella y se repliegan con premura. De tanto en tanto, con la regularidad de la marea pero espaciado por intervalos mucho m\u00e1s largos, un m\u00ednimo punto en medio del oc\u00e9ano emprende su retorno, impulsado\u00a0por el viento y la proximidad de la costa. La chica permanece imp\u00e1vida, sentada, las plantas de sus pies a ras del suelo, piernas flexionadas, brazos alrededor\u00a0de las\u00a0rodillas, espalda ligeramente inclinada hacia adelante, cabeza resguardada por un gorro gris. La mancha oscura y borrosa en la distancia gana nitidez con cada minuto que transcurre, adquiere volumen, se convierte r\u00e1pidamente en una figura humana con piernas (sesgadas) y brazos (extendidos) y un torso (r\u00edgido) y un rostro, el rostro de un hombre, bronceado, hirsuto, inmerso en la agon\u00eda de su esfuerzo. El surfista y su tabla se dirigen hacia tierra firme a toda velocidad, rebasando una tras otra las crestas del mar en un frenes\u00ed de osad\u00eda. La chica no registra ni el m\u00e1s m\u00ednimo movimiento, ni siquiera pesta\u00f1ea, solo el fino cable blanco de sus aud\u00edfonos ondea en el viento de la tarde. El surfista bordea la zona m\u00e1s llana de la orilla, vuelca su cometa en direcci\u00f3n contraria, da un salto y queda suspendido por un instante en el aire, elev\u00e1ndose aun m\u00e1s con sus brazos, desplaz\u00e1ndose brevemente a contra viento. Mientras \u00e9l se aleja de su musa, su sombra la acaricia y la ola que lo ha catapultado a los cielos se desvanece una vez m\u00e1s en la inmensidad del oc\u00e9ano Atl\u00e1ntico. \u00c9l vuelve a enfocar sus fuerzas en explorar la bah\u00eda de cabo a rabo. Ella bambolea su cabeza de un lado a otro. Yo sigo mi andar.<\/p>\n<p>&nbsp;<\/p>\n<p>&nbsp;<\/p>\n<p>\u00bfQuieres seguir leyendo? Puedes pasar directamente al\u00a0<a href=\"\/?page_id=4418&amp;lang=es\">TEMA 1<\/a>, <a href=\"\/?page_id=4409&amp;lang=es\">TEMA 3<\/a>, o\u00a0<a href=\"\/?page_id=4414&amp;lang=es\">TEMA 4<\/a>, volver al <a href=\"\/?page_id=4157&amp;lang=es\">LADO B<\/a>, acceder otros\u00a0textos en la <a href=\"\/?page_id=4166&amp;lang=es\">PISTA<\/a>, o explorar algunas de las <a href=\"\/?page_id=4161&amp;lang=es\">PORTADAS<\/a>\u00a0preliminares del libro.<\/p>\n","protected":false},"excerpt":{"rendered":"<p>El beso &nbsp; En la distancia sus delgadas piernas, desnudas, resaltan sobre\u00a0el trasfondo de las dunas des\u00e9rticas. Hacia el oeste el sol estival pende apenas por encima del horizonte, dibujando largas sombras sobre la superficie impoluta. Desde lo m\u00e1s alto de las dunas, la oscura silueta de su perfil se alarga hasta encontrarse en el <a href=\"https:\/\/montaguekobbe.com\/index.php\/obra\/historias-de-camas-y-aeropuertos\/lado-b\/tema-2\/?lang=es\" class=\"more-link\">[&hellip;]<\/a><\/p>\n","protected":false},"author":1,"featured_media":4382,"parent":4157,"menu_order":1,"comment_status":"closed","ping_status":"closed","template":"","meta":[],"_links":{"self":[{"href":"https:\/\/montaguekobbe.com\/index.php\/wp-json\/wp\/v2\/pages\/4379"}],"collection":[{"href":"https:\/\/montaguekobbe.com\/index.php\/wp-json\/wp\/v2\/pages"}],"about":[{"href":"https:\/\/montaguekobbe.com\/index.php\/wp-json\/wp\/v2\/types\/page"}],"author":[{"embeddable":true,"href":"https:\/\/montaguekobbe.com\/index.php\/wp-json\/wp\/v2\/users\/1"}],"replies":[{"embeddable":true,"href":"https:\/\/montaguekobbe.com\/index.php\/wp-json\/wp\/v2\/comments?post=4379"}],"version-history":[{"count":8,"href":"https:\/\/montaguekobbe.com\/index.php\/wp-json\/wp\/v2\/pages\/4379\/revisions"}],"predecessor-version":[{"id":5255,"href":"https:\/\/montaguekobbe.com\/index.php\/wp-json\/wp\/v2\/pages\/4379\/revisions\/5255"}],"up":[{"embeddable":true,"href":"https:\/\/montaguekobbe.com\/index.php\/wp-json\/wp\/v2\/pages\/4157"}],"wp:featuredmedia":[{"embeddable":true,"href":"https:\/\/montaguekobbe.com\/index.php\/wp-json\/wp\/v2\/media\/4382"}],"wp:attachment":[{"href":"https:\/\/montaguekobbe.com\/index.php\/wp-json\/wp\/v2\/media?parent=4379"}],"curies":[{"name":"wp","href":"https:\/\/api.w.org\/{rel}","templated":true}]}}