{"id":4418,"date":"2016-12-19T03:11:29","date_gmt":"2016-12-19T03:11:29","guid":{"rendered":"http:\/\/montaguekobbe.com\/?page_id=4418&#038;lang=es"},"modified":"2016-12-19T13:32:09","modified_gmt":"2016-12-19T13:32:09","slug":"tema-1","status":"publish","type":"page","link":"https:\/\/montaguekobbe.com\/index.php\/obra\/historias-de-camas-y-aeropuertos\/lado-b\/tema-1\/?lang=es","title":{"rendered":"TEMA 1"},"content":{"rendered":"<h3 style=\"text-align: center;\"><strong><u>La\u00a0fugitiva<\/u><\/strong><\/h3>\n<p>&nbsp;<\/p>\n<p>Jadeante, resoplando, sin aliento, te desplomas frente a m\u00ed, reposando tu cabeza contra el panel lateral, tu cabello luminoso suspendido en el abismo\u00a0que se abre entre tus hombros y tu rostro ladeado. Agitada, te despojas\u00a0de tu abultado abrigo de piel \u2013obvia, descaradamente, falso\u2013, expones tu tez radiante a los rayos de sol que se filtran por la ventana. Apenas cuando\u00a0empezamos a alejarnos de la estaci\u00f3n logras relajar tus m\u00fasculos, tus piernas recogidas\u00a0sobre el asiento contiguo, tu busto desbocado, desbordando pr\u00e1cticamente con cada p\u00e1lpito el precario soporte de tu holgada camiseta. Mientras un sinn\u00famero de gotas de sudor emanan de cada poro, de cada mil\u00edmetro, de tu cuerpo lozano yo me pierdo en la seductora din\u00e1mica que se establece entre el fino tirante de algod\u00f3n que ci\u00f1e tu modesto ropaje a su lugar y tu seno izquierdo, apuntalado por tu brazo sobre la mesa, que aun baila al ext\u00e1tico ritmo de tu esfuerzo por concretar la hu\u00edda.<\/p>\n<p>&nbsp;<\/p>\n<p>&nbsp;<\/p>\n<p>\u00bfQuieres seguir leyendo? Puedes pasar directamente al\u00a0<a href=\"\/?page_id=4379&amp;lang=es\">TEMA 2<\/a>, <a href=\"\/?page_id=4409&amp;lang=es\">TEMA 3<\/a>, o\u00a0<a href=\"\/?page_id=4414&amp;lang=es\">TEMA 4<\/a>, volver al <a href=\"\/?page_id=4157&amp;lang=es\">LADO B<\/a>, acceder otros\u00a0textos en la <a href=\"\/?page_id=4166&amp;lang=es\">PISTA<\/a>, o explorar algunas de las <a href=\"\/?page_id=4161&amp;lang=es\">PORTADAS<\/a>\u00a0preliminares del libro.<\/p>\n","protected":false},"excerpt":{"rendered":"<p>La\u00a0fugitiva &nbsp; Jadeante, resoplando, sin aliento, te desplomas frente a m\u00ed, reposando tu cabeza contra el panel lateral, tu cabello luminoso suspendido en el abismo\u00a0que se abre entre tus hombros y tu rostro ladeado. Agitada, te despojas\u00a0de tu abultado abrigo de piel \u2013obvia, descaradamente, falso\u2013, expones tu tez radiante a los rayos de sol que <a href=\"https:\/\/montaguekobbe.com\/index.php\/obra\/historias-de-camas-y-aeropuertos\/lado-b\/tema-1\/?lang=es\" class=\"more-link\">[&hellip;]<\/a><\/p>\n","protected":false},"author":1,"featured_media":4432,"parent":4157,"menu_order":0,"comment_status":"closed","ping_status":"closed","template":"","meta":[],"_links":{"self":[{"href":"https:\/\/montaguekobbe.com\/index.php\/wp-json\/wp\/v2\/pages\/4418"}],"collection":[{"href":"https:\/\/montaguekobbe.com\/index.php\/wp-json\/wp\/v2\/pages"}],"about":[{"href":"https:\/\/montaguekobbe.com\/index.php\/wp-json\/wp\/v2\/types\/page"}],"author":[{"embeddable":true,"href":"https:\/\/montaguekobbe.com\/index.php\/wp-json\/wp\/v2\/users\/1"}],"replies":[{"embeddable":true,"href":"https:\/\/montaguekobbe.com\/index.php\/wp-json\/wp\/v2\/comments?post=4418"}],"version-history":[{"count":7,"href":"https:\/\/montaguekobbe.com\/index.php\/wp-json\/wp\/v2\/pages\/4418\/revisions"}],"predecessor-version":[{"id":5077,"href":"https:\/\/montaguekobbe.com\/index.php\/wp-json\/wp\/v2\/pages\/4418\/revisions\/5077"}],"up":[{"embeddable":true,"href":"https:\/\/montaguekobbe.com\/index.php\/wp-json\/wp\/v2\/pages\/4157"}],"wp:featuredmedia":[{"embeddable":true,"href":"https:\/\/montaguekobbe.com\/index.php\/wp-json\/wp\/v2\/media\/4432"}],"wp:attachment":[{"href":"https:\/\/montaguekobbe.com\/index.php\/wp-json\/wp\/v2\/media?parent=4418"}],"curies":[{"name":"wp","href":"https:\/\/api.w.org\/{rel}","templated":true}]}}