{"id":4558,"date":"-0001-11-30T00:00:00","date_gmt":"-0001-11-30T00:00:00","guid":{"rendered":"http:\/\/montaguekobbe.com\/?page_id=4558&#038;lang=es"},"modified":"-0001-11-30T00:00:00","modified_gmt":"-0001-11-30T00:00:00","slug":"arte","status":"publish","type":"page","link":"https:\/\/montaguekobbe.com\/index.php\/traducciones\/arte\/?lang=es","title":{"rendered":"ARTE"},"content":{"rendered":"<h4><img loading=\"lazy\" class=\"alignright wp-image-4466\" src=\"http:\/\/montaguekobbe.com\/wp-content\/uploads\/2016\/03\/5671443b7717ajoan-fontcuberta-imago-ergo-sum.jpg\" alt=\"5671443b7717ajoan-fontcuberta-imago-ergo-sum\" width=\"155\" height=\"192\" srcset=\"https:\/\/montaguekobbe.com\/wp-content\/uploads\/2016\/03\/5671443b7717ajoan-fontcuberta-imago-ergo-sum.jpg 776w, https:\/\/montaguekobbe.com\/wp-content\/uploads\/2016\/03\/5671443b7717ajoan-fontcuberta-imago-ergo-sum-243x300.jpg 243w, https:\/\/montaguekobbe.com\/wp-content\/uploads\/2016\/03\/5671443b7717ajoan-fontcuberta-imago-ergo-sum-600x742.jpg 600w\" sizes=\"(max-width: 155px) 100vw, 155px\" \/>Joan Fontcuberta, <em>IMAGO, ERGO SUM <\/em>(2015)<\/h4>\n<p>Una selecci\u00f3n de ocho de los proyectos m\u00e1s importantes de Joan Fontcuberta ilustra la direcci\u00f3n que ha tomado el trabajo del artista, relacion\u00e1ndolo intr\u00ednsecamente con la\u00a0problematizaci\u00f3n de los reg\u00edmenes de verdad en la fotograf\u00eda y con la ambici\u00f3n de hacer que la imagen trascienda el plano bidimensional.\u00a020K palabras, ES&gt;EN_US.<\/p>\n<p>&nbsp;<\/p>\n<h4 style=\"text-align: left;\"><strong><img loading=\"lazy\" class=\"alignright wp-image-4464\" src=\"http:\/\/montaguekobbe.com\/wp-content\/uploads\/2016\/03\/9788416248063.jpg\" alt=\"9788416248063\" width=\"155\" height=\"188\" srcset=\"https:\/\/montaguekobbe.com\/wp-content\/uploads\/2016\/03\/9788416248063.jpg 288w, https:\/\/montaguekobbe.com\/wp-content\/uploads\/2016\/03\/9788416248063-247x300.jpg 247w\" sizes=\"(max-width: 155px) 100vw, 155px\" \/>Chema Madoz<\/strong>, <em>Las reglas del juego\u00a02008-2014<\/em> (2015)<\/h4>\n<p>Uno de los fot\u00f3grafos m\u00e1s importantes de la escena contempor\u00e1nea, Chema Madoz confiere\u00a0una nueva identidad a objetos comunes y corrientes, creando\u00a0im\u00e1genes desconcertantes que\u00a0obligan al espectador a adentrarse en el peculiar universo del artista. Este libro re\u00fane una selecci\u00f3n de su m\u00e1s reciente trabajo, realizado entre 2008 y 2014, en una serie de obras\u00a0\u00fanicas que combinan realidad con ilusi\u00f3n.\u00a010K palabras, ES&gt;EN_US.<\/p>\n<p>&nbsp;<\/p>\n<h4 style=\"text-align: left;\"><strong><em><img loading=\"lazy\" class=\"alignright wp-image-4471\" src=\"http:\/\/montaguekobbe.com\/wp-content\/uploads\/2016\/03\/visd_0000JPG01ITW.jpg\" alt=\"_visd_0000JPG01ITW\" width=\"155\" height=\"193\" srcset=\"https:\/\/montaguekobbe.com\/wp-content\/uploads\/2016\/03\/visd_0000JPG01ITW.jpg 705w, https:\/\/montaguekobbe.com\/wp-content\/uploads\/2016\/03\/visd_0000JPG01ITW-241x300.jpg 241w, https:\/\/montaguekobbe.com\/wp-content\/uploads\/2016\/03\/visd_0000JPG01ITW-600x748.jpg 600w\" sizes=\"(max-width: 155px) 100vw, 155px\" \/>Barcelona\u00a0<\/em><\/strong>(2014)<\/h4>\n<p>Producido en conjunto con el ayuntamiento de\u00a0Barcelona, este proyecto documenta la evoluci\u00f3n de la capital catalana a trav\u00e9s de m\u00e1s de 300 im\u00e1genes\u00a0tomadas por decenas de fot\u00f3grafos desde la mitad del siglo XIX hasta nuestros d\u00edas. Desde\u00a0Helmut Newton hasta Henri Cartier-Bresson, los artistas inclu\u00eddos\u00a0plasman\u00a0una imagen variopinta de la ciudad en un espl\u00e9ndido ejemplar de gran formato.\u00a020K palabras, ES&gt;EN_UK.<\/p>\n<p>&nbsp;<\/p>\n<h4 style=\"text-align: left;\"><em><img loading=\"lazy\" class=\"alignright wp-image-4469\" src=\"http:\/\/montaguekobbe.com\/wp-content\/uploads\/2016\/03\/Diccionario-Digital-ENG-1.jpg\" alt=\"Diccionario-Digital-ENG-1\" width=\"155\" height=\"194\" \/><strong>Diccionario de fot\u00f3grafos espa\u00f1oles<\/strong>\u00a0<\/em>(2013)<\/h4>\n<p>El primer diccionario exhaustivo de fot\u00f3grafos espa\u00f1oles publicado en Espa\u00f1a, este volumen ilustrado abarca\u00a0m\u00e1s de 600 autores e incluye a otros 50 cuya actividad contempla de una u otra manera el uso de la fotograf\u00eda. Haciendo un recuento detallado de la historia de la disciplina en el pa\u00eds, este libro destaca el trabajo de pioneros del siglo XIX y de artistas\u00a0contempor\u00e1neos por igual.\u00a0250K palabras, ES&gt;EN_US.<\/p>\n<p>&nbsp;<\/p>\n<h4 style=\"text-align: left;\">Alberto Garc\u00eda-Alix,\u00a0<strong><em>De donde no se vuelve<\/em>\u00a0<\/strong>(2010)<br \/>\n<em>\u00a0 \u00a0 \u00a0 \u00a0 \u00a0 \u00a0 \u00a0 \u00a0 \u00a0 \u00a0 \u00a0 \u00a0 \u00a0 \u00a0 \u00a0 \u00a0 \u00a0 <strong><img loading=\"lazy\" class=\"alignright wp-image-4475\" src=\"http:\/\/montaguekobbe.com\/wp-content\/uploads\/2016\/03\/alberto-garc-a-alix-from-where-there-is-no-return-26.jpg\" alt=\"alberto-garc-a-alix-from-where-there-is-no-return-26\" width=\"158\" height=\"183\" srcset=\"https:\/\/montaguekobbe.com\/wp-content\/uploads\/2016\/03\/alberto-garc-a-alix-from-where-there-is-no-return-26.jpg 280w, https:\/\/montaguekobbe.com\/wp-content\/uploads\/2016\/03\/alberto-garc-a-alix-from-where-there-is-no-return-26-258x300.jpg 258w\" sizes=\"(max-width: 158px) 100vw, 158px\" \/>Lo m\u00e1s cerca que estuve del para\u00edso\u00a0<\/strong><\/em>(2010)<\/h4>\n<p>Alberto Garc\u00eda-Alix, una figura de referencia en Espa\u00f1a, document\u00f3 el per\u00edodo de liberalizaci\u00f3n que se vivi\u00f3 en Madrid a mediados de los setenta, inmediatamente despu\u00e9s de la muerte de Francisco Franco. Conocida como <em>La Movida<\/em>, esta etapa\u00a0de excentricidades pr\u00e1cticamente suicidas marc\u00f3 \u00e9poca al punto que hasta el d\u00eda de hoy se puede sentir su influencia. Las\u00a0fotograf\u00edas de Alberto Garc\u00eda-Alix nos cuenta una historia de excesos desde la perspectiva de uno de sus protagonistas.\u00a018K &amp;\u00a05K palabras, ES&gt;EN_UK.<\/p>\n<p>&nbsp;<\/p>\n<h4 style=\"text-align: left;\"><b><img loading=\"lazy\" class=\"alignright wp-image-4484\" src=\"http:\/\/montaguekobbe.com\/wp-content\/uploads\/2016\/03\/9788416248056.jpg\" alt=\"9788416248056\" width=\"156\" height=\"222\" srcset=\"https:\/\/montaguekobbe.com\/wp-content\/uploads\/2016\/03\/9788416248056.jpg 359w, https:\/\/montaguekobbe.com\/wp-content\/uploads\/2016\/03\/9788416248056-211x300.jpg 211w\" sizes=\"(max-width: 156px) 100vw, 156px\" \/>PHotoBolsillo<\/b><\/h4>\n<p>La colecci\u00f3n PHotoBolsillo de La F\u00e1brica re\u00fane a los m\u00e1s importantes fot\u00f3grafos iberoamericanos y africanos en una serie de libros de peque\u00f1o formato confeccionados con la misma calidad que los m\u00e1s lujosos productos de la editorial. He estado involucrado en una buena cantidad de estos proyectos, llevando a cabo las traducciones necesarias en los vol\u00famenes dedicados a\u00a0Manuel\u00a0Outumuro, Joana Biarn\u00e9s, Aitor Lara, Tito Caula, Jean Depara, Samuel Fosso entre otros.<\/p>\n<p>&nbsp;<\/p>\n<h4 style=\"text-align: left;\"><strong>PHotoEspa\u00f1a<\/strong><\/h4>\n<p>E<img loading=\"lazy\" class=\"alignright wp-image-4487\" src=\"http:\/\/montaguekobbe.com\/wp-content\/uploads\/2016\/03\/b_1294f65cc87387279c9a2dd62ccfbad14469abde.jpg\" alt=\"b_1294f65cc87387279c9a2dd62ccfbad14469abde\" width=\"232\" height=\"156\" srcset=\"https:\/\/montaguekobbe.com\/wp-content\/uploads\/2016\/03\/b_1294f65cc87387279c9a2dd62ccfbad14469abde.jpg 610w, https:\/\/montaguekobbe.com\/wp-content\/uploads\/2016\/03\/b_1294f65cc87387279c9a2dd62ccfbad14469abde-300x202.jpg 300w, https:\/\/montaguekobbe.com\/wp-content\/uploads\/2016\/03\/b_1294f65cc87387279c9a2dd62ccfbad14469abde-600x403.jpg 600w\" sizes=\"(max-width: 232px) 100vw, 232px\" \/>l festival de fotograf\u00eda m\u00e1s grande de Espa\u00f1a y uno de los m\u00e1s importantes de Europa, PHotoEspa\u00f1a re\u00fane a una enorme cantidad de artistas, acad\u00e9micos, exhibiciones, charlas y eventos para el p\u00fablico en general. En varias ediciones\u00a0he estado a cargo de la traducci\u00f3n de la gu\u00eda tanto f\u00edsica como digital,\u00a0de cat\u00e1logos de exhibiciones conjuntas como\u00a0<em>Descubrimientos 2010<\/em>\u00a0y<em>\u00a0Entretiempos\u00a0<\/em>y\u00a0de exposiciones individuales como\u00a0<em>Harold Edgerton: La anatom\u00eda del<\/em> movimiento,<em>\u00a0<\/em>as\u00ed\u00a0como tambi\u00e9n de informaci\u00f3n adicional encontrada en las salas expositivas, notas de prensa, instrucciones y dem\u00e1s.<\/p>\n","protected":false},"excerpt":{"rendered":"<p>Joan Fontcuberta, IMAGO, ERGO SUM (2015) Una selecci\u00f3n de ocho de los proyectos m\u00e1s importantes de Joan Fontcuberta ilustra la direcci\u00f3n que ha tomado el trabajo del artista, relacion\u00e1ndolo intr\u00ednsecamente con la\u00a0problematizaci\u00f3n de los reg\u00edmenes de verdad en la fotograf\u00eda y con la ambici\u00f3n de hacer que la imagen trascienda el plano bidimensional.\u00a020K palabras, ES&gt;EN_US. <a href=\"https:\/\/montaguekobbe.com\/index.php\/traducciones\/arte\/?lang=es\" class=\"more-link\">[&hellip;]<\/a><\/p>\n","protected":false},"author":1,"featured_media":4562,"parent":4550,"menu_order":0,"comment_status":"closed","ping_status":"closed","template":"","meta":[],"_links":{"self":[{"href":"https:\/\/montaguekobbe.com\/index.php\/wp-json\/wp\/v2\/pages\/4558"}],"collection":[{"href":"https:\/\/montaguekobbe.com\/index.php\/wp-json\/wp\/v2\/pages"}],"about":[{"href":"https:\/\/montaguekobbe.com\/index.php\/wp-json\/wp\/v2\/types\/page"}],"author":[{"embeddable":true,"href":"https:\/\/montaguekobbe.com\/index.php\/wp-json\/wp\/v2\/users\/1"}],"replies":[{"embeddable":true,"href":"https:\/\/montaguekobbe.com\/index.php\/wp-json\/wp\/v2\/comments?post=4558"}],"version-history":[{"count":11,"href":"https:\/\/montaguekobbe.com\/index.php\/wp-json\/wp\/v2\/pages\/4558\/revisions"}],"predecessor-version":[{"id":4573,"href":"https:\/\/montaguekobbe.com\/index.php\/wp-json\/wp\/v2\/pages\/4558\/revisions\/4573"}],"up":[{"embeddable":true,"href":"https:\/\/montaguekobbe.com\/index.php\/wp-json\/wp\/v2\/pages\/4550"}],"wp:featuredmedia":[{"embeddable":true,"href":"https:\/\/montaguekobbe.com\/index.php\/wp-json\/wp\/v2\/media\/4562"}],"wp:attachment":[{"href":"https:\/\/montaguekobbe.com\/index.php\/wp-json\/wp\/v2\/media?parent=4558"}],"curies":[{"name":"wp","href":"https:\/\/api.w.org\/{rel}","templated":true}]}}